0. Calculate the remainder when h is divided by a(x).
8
Suppose -2*r = -4*i + 4, -i + r - 1 + 2 = 0. What is the remainder when 20 is divided by i?
0
Let p(v) = -v**2 + 12*v + 11. Let l be p(9). Suppose 5*j - 4 = 4*j - r, l = 5*j - r. Suppose 47 = j*x + 5. Calculate the remainder when 17 is divided by x.
5
Suppose -3*d = p - 698, -4*d + d + 5*p = -722. Suppose -2*u + 13 + 1 = 0. Calculate the remainder when ((-5)/(-15))/(3/d) is divided by u.
5
Let k(a) = 3*a**2 - 155*a + 74. What is the remainder when k(52) is divided by 13?
9
Let w(a) = -a**2 - 21*a - 77. Calculate the remainder when w(-13) is divided by 10.
7
Suppose 0 = -7*o - 88 + 550. What is the remainder when o is divided by 14?
10
Let k = 1925 - 1318. What is the remainder when k is divided by 10?
7
Let g = -382 - -453. Calculate the remainder when g is divided by 19.
14
Let r = 122 + -127. What is the remainder when (0 - r)/(-5)*-25 is divided by 18?
7
Suppose 11 - 5 = 2*k. Suppose -r + 4*d + 19 = 0, -2*r + k*d = -13 - 15. Let h = -6 - -10. What is the remainder when r is divided by h?
3
Let i = 202 + -168. What is the remainder when 62 is divided by i?
28
Suppose 0 = -y + g - 4*g + 56, -2*g - 263 = -5*y. Let t = -14 - -3. Let c = t + 39. What is the remainder when y is divided by c?
25
Let m = -6 + 9. Suppose 2*a + 2*a = 148. What is the remainder when a is divided by (-3)/(-2)*20/m?
7
Suppose -11*s - 30*s = -943. What is the remainder when s is divided by 5?
3
Suppose -28*j - 28*j + 329 = -9*j. Let w(l) = -11*l**3 + l**2 + l + 1. Calculate the remainder when w(-1) is divided by j.
5
Let o(s) = s**2 + 10*s - 21. Let g be o(-19). Suppose 4*w - 4*c + 6*c = g, -c - 115 = -3*w. Calculate the remainder when w is divided by 8.
6
Let s be 4/(-6)*3/(-2). Let o(l) = 17*l - 2. What is the remainder when o(s) is divided by 6?
3
Let d = -50 + 84. Suppose -3*v = 5*r - 125, -5*r - 202 = -4*v - 47. Suppose -13 + v = 3*l. What is the remainder when d is divided by l?
7
Suppose -3*k - 12 = 0, -9*k + 227 = a - 4*k. What is the remainder when a is divided by 84?
79
Let t(l) = 13*l - 12. Let j be t(6). Let y = 71 - j. Let w(o) = -2*o. What is the remainder when y is divided by w(-2)?
1
Let m = -1093 + 1342. Calculate the remainder when m is divided by 79.
12
Suppose 5*b - 15 - 5 = -p, 5*p = b - 4. What is the remainder when 85 is divided by 6/(p + -3)*-11?
19
What is the remainder when (49/2)/(24/48) is divided by 17/4 - 8/32?
1
Let r be (-36)/21 - -4 - 2/7. What is the remainder when -57*(r/7)/(9/(-21)) is divided by 14?
10
Let l(b) = 106*b - 28. What is the remainder when l(5) is divided by 36?
34
Let v(h) = 2*h - 5. Suppose -65*y + 237 = y + 13*y. What is the remainder when v(6) is divided by y?
1
Suppose 3*i - 5*f = -i + 417, 546 = 5*i + 2*f. Suppose y - 5*y = -i. Calculate the remainder when y is divided by 5.
2
Let q(c) = -2*c + 4. What is the remainder when q(-17) is divided by 11?
5
Suppose -q + 26 = q - n, 5*q = -2*n + 83. Let m be 2/q - 292527/(-135). What is the remainder when 28 is divided by m/143 - (-2)/(-13)?
13
Let t be 0 + 0 + 11/(-11). Let q(u) = -10*u**3 + 3*u + 2. Calculate the remainder when 35 is divided by q(t).
8
Let r(k) = -k**2 - 65*k - 124. What is the remainder when r(-56) is divided by 61?
14
Let a = -88 - -257. What is the remainder when a is divided by 17?
16
Suppose -2*f - 3*v + 2403 = 0, -4*f + 11*v = 9*v - 4814. What is the remainder when f is divided by 397?
12
Let a be (-2 - (-18)/6)*5*1. Suppose l = -5*m + 5*l + 339, 331 = a*m + 4*l. What is the remainder when m is divided by 14?
11
Let d(a) = -a**2 + 3*a + 2. Let q be d(3). Suppose -q*s + 5*u + 57 = 0, 0 = -6*s + 2*s + 4*u + 96. What is the remainder when 61 is divided by s?
19
Suppose -2*d + 6 = l, -9 = 4*d + l - 25. Let u be (d - -28)*(-1 - -2). Let o = u + -21. What is the remainder when 23 is divided by o?
11
Suppose 5*j - 2*t + 0*t + 6 = 0, -t + 3 = -5*j. Let d = 15 + j. What is the remainder when ((-56)/(-2))/((-2)/(-3)) is divided by d?
12
Let t(b) = -b**3 + b**2 - b - 3. Let c be t(0). Let f = -107 - -119. What is the remainder when (-2)/c - (-183)/9 is divided by f?
9
Let z be (-5 - -5 - -5) + -3. Suppose -u - 131 = -4*d, -1 = u + z. Calculate the remainder when d is divided by 20.
12
Let s = -45 - -101. Suppose 49 = -4*r + 165. Suppose 2*x + 2*h = s, h + 117 - r = 3*x. Calculate the remainder when x is divided by 10.
9
Let z = -27 - -38. Let u be 2/(-10) - z/(-5). Suppose -u*t + 190 = 3*t. What is the remainder when t is divided by 13?
12
Suppose 2*q - 7*k = -6*k + 71, q - 32 = 4*k. What is the remainder when 141 is divided by q?
33
Suppose -3*c = -3*r + 15 - 90, 0 = 4*r + 5*c + 82. Let j = -13 - r. Calculate the remainder when j is divided by 4.
2
Suppose 49 + 1413 = 34*j. Calculate the remainder when j is divided by 10.
3
Suppose -5*p + 243 = 7*l - 3*l, -l + 49 = p. Calculate the remainder when p is divided by 6.
5
Suppose d = b + 120, 0 = 3*d + 2*b + 2*b - 374. Calculate the remainder when 974 is divided by d.
120
Let h = 202 - 158. Calculate the remainder when 86 is divided by h.
42
Let d = 84 + -57. Suppose 3*x - 5*x + 266 = 0. Calculate the remainder when x is divided by d.
25
Suppose -r + 30 = 5*r. What is the remainder when r is divided by 2?
1
Suppose 5*d - z - 60 = -5*z, -d + 21 = -z. What is the remainder when -4*(188/(-8) + -4) is divided by d?
14
Let a(c) = -c**3 - 6*c**2 - 6*c - 7. Let p be (-60)/9 - 4/(-6). Suppose 47*f + 40 = 51*f. What is the remainder when a(p) is divided by f?
9
Suppose 2*j + 28 = 84. Suppose -59*h + 5500 = -9*h. What is the remainder when h is divided by j?
26
Suppose 12 = 3*s, -4*y + y + 17 = 2*s. Calculate the remainder when (-7 + 138/18)*(-369)/(-6) is divided by y.
2
Let f(z) = -2*z**3 - 2*z**2 + 2*z + 3. Suppose -3*q = -6*q. Suppose q = 4*s + 2*b + 4, -14 = 2*s + s - 4*b. Calculate the remainder when f(s) is divided by 5.
2
Let i = 60 + -45. Suppose 5*f - 12 = w + 33, -3*w + i = 0. What is the remainder when 25 is divided by f?
5
Calculate the remainder when 133 is divided by ((-2)/2)/(3/(-102)).
31
Suppose 0 = -2*f - 3*x + 16, 0 + 8 = -4*f + 4*x. Suppose 0 = -f*c + 45 + 97. Calculate the remainder when c is divided by 25.
21
Calculate the remainder when (-6)/30*5 - (1 + -242) is divided by 64.
48
What is the remainder when 1/3*(50 + 44/11) is divided by ((-5)/15)/((-1)/33)?
7
Let n = 443 + -301. What is the remainder when n is divided by 10?
2
Let i(y) = -13 + 5*y - 3*y - 4*y. Calculate the remainder when i(-12) is divided by 7.
4
Let f(k) = k**3 + 13*k**2 + 6*k - 12. What is the remainder when f(-7) is divided by 9?
6
Suppose -4*k + 230 = -10. Suppose -6817 = -47*m - 1553. Let w = m - k. What is the remainder when w is divided by 11?
8
Suppose -4*k - 3 = 1. What is the remainder when 37/1 - 4 - k is divided by 3?
1
Let m = -12 + 17. Suppose 0 = -3*p + 15, 3*p - 26 = 2*c - p. What is the remainder when c - 0 - (-3 + -17) is divided by m?
2
Suppose 0*o - 3474 = 3*o. Let t = -56 - -70. What is the remainder when (-18)/(-63) - o/t is divided by 12?
11
Let v(h) = -5*h - 35. Let y be v(-13). What is the remainder when 98 is divided by (-100)/y*3*(-2)/1?
18
Suppose 0 = -l - 5, -3*k + 5*l + 90 = -151. Let o be -1 + -3 - 4/2. What is the remainder when k is divided by (-2)/(-1)*(-75)/o?
22
Let s = -1478 + 1495. What is the remainder when 35 is divided by s?
1
Let g = 16 + -12. Suppose 4*t + 135 = s, t + g*t = 5*s - 630. Calculate the remainder when s is divided by 25.
23
Let d = -7 - -12. Suppose -2*x + d*x = 33. Suppose -4*r = -12*m + 16*m - 168, 0 = -3*r - m + 122. What is the remainder when r is divided by x?
7
Suppose -63*g + 4192 = -47*g. Calculate the remainder when g is divided by 249.
13
Let m(k) = k**2 - 4*k + 2. Let a = 1898 + -1893. Calculate the remainder when m(6) is divided by a.
4
Calculate the remainder when ((-23)/3)/(20/(-240)) - 6 is divided by 6.
2
Let x(o) = -o**3 - 24*o**2 + 23*o - 44. Suppose 2*i + c - 37 = 0, 4*i - 44 = 4*c + 12. What is the remainder when i is divided by x(-25)?
5
Let y(v) = -28*v**2 - 5*v - 4. Let b be y(-2). Let c = b - -180. What is the remainder when c is divided by 21?
11
Suppose 25 = -5*u, 159 = -12*m + 13*m + 2*u. Calculate the remainder when m is divided by 64.
41
Let w(n) = 18*n**2 + 3*n - 2. Let j be w(1). Suppose 